 15)) - 1.
-10
Evaluate 2 - 115 - (-21 - (-43 + 52)).
-83
What is 4 + (-23 - ((-7 - -6) + -11)) + 14?
7
What is the value of -73 + 5 + 5 - -139?
76
What is the value of 50 + -90 + 17 - -58?
35
Evaluate 98 + (-26 - (39 - 61)) + 16.
110
What is -13 + 95 + -16 + (25 - 12) + (8 - 2)?
85
What is the value of 0 + 2 + (68 - -49) + -95?
24
(49 - 4) + -28 - (3 - 3 - 10) - 8
19
Evaluate 4 - (-6 - 4) - (955 + -902).
-39
Evaluate -28 + 20 - 8 - (7 + 7).
-30
What is the value of 2 - (6 + 2) - (11 - (-17 - 17))?
-51
What is the value of 30 + (-30 - 38) - -37 - (-2 + 1 + 53)?
-53
What is the value of 450 + -514 - (-12 - -7)?
-59
What is the value of (198 + -185 - (2 + 0)) + -18 + 56?
49
Evaluate (-22 - (59 - 23)) + 57.
-1
What is the value of 10 + 7 + -7 - ((9 - 20) + 2 - 40)?
59
What is -16 + 11 + (2 - ((-3 - 17) + 6 + 3))?
8
What is (148 - 7) + (-7 - (9 + (-9 - -10))) + 11?
135
What is (366 - 382) + (52 - 1)?
35
What is -3 - 47 - (-3 - 0) - (2159 + -2151)?
-55
11 - 32 - (21 + 2 + -14)
-30
What is the value of (85 - 141) + 4 + (11 - -3)?
-38
What is the value of 50 - (124 - 53 - 27)?
6
What is the value of -12 + -1 + (1 - -127) + 10 + 9 + -8?
126
What is (4 + -3 - 9) + -377 + 383?
-2
Evaluate (59 - 60 - 40) + 91.
50
Evaluate -1 + 64 + 27 - (2 + -4 + -1 + 5).
88
What is the value of 97 + -37 + 57 - 125?
-8
What is (237 - 254) + (3 - 45) - 7?
-66
What is the value of (2 + -2 - 33 - (33 - (-70 + 99))) + 6?
-31
Calculate 1 - -48 - (3276 - 3197).
-30
Evaluate -12 - (-18 - ((10 - 26) + 20)).
10
Calculate -794 - -864 - (-1 - -39).
32
Evaluate (15 + -27 - -115) + -18 + -11.
74
What is the value of -341 + 324 - (5 + -6 - -3)?
-19
What is -7 - ((-9 - (-49 - -25) - 17) + 4)?
-9
Evaluate 0 + -5 + 6 + -4 + 35 + -38 + 47.
41
Evaluate -106 - (-157 - (115 - 62)).
104
What is 68 + (-119 - -41) + 1 + (-16 - 3)?
-28
Calculate 1 - (6 + 36 + -2).
-39
Calculate -46 - ((37 - -3) + -89).
3
What is -40 + -4 + (-14 - 0 - (-38 - (-55 + 16)))?
-59
What is (1 - 11) + (-7 - 3 - (-25 - -26))?
-21
Calculate (23 - (-9 + 22) - 3) + -9 + (-1 - 79).
-82
-136 + 7 + -17 + 46 + 29
-71
What is the value of -198 + 49 - (0 - 31 - (-345 + 332))?
-131
What is -2 + -1 + (-130 - -137)?
4
What is 0 + 5 - (170 + -35 + 49 + -12 + -17)?
-150
Calculate (-13 - 1) + (36 + -72 - -42) + 61 + -1.
52
39 + -25 - (-35 - (-46 + 31))
34
What is the value of 7 + -4 + -129 + 129 - -12?
15
What is 9 - (1 + (-1 - -7) - -1) - (-15 - 0)?
16
Calculate 40 - (-34 - (-14 + -1) - -30).
29
Calculate 27 + -81 + 43 - 2.
-13
Evaluate 7 - -6 - (67 - (120 + -26)).
40
Evaluate 14 - ((84 - 67) + 61).
-64
Evaluate 20 + (-63 - (-20 + 1)) - -10.
-14
Calculate (-15 + -11 + 1 - -36) + -2 + -31 + 0.
-22
Evaluate (111 - -2) + -69 + 3 + 43 + 14 + -1.
103
Evaluate -14 + 7 + 34 + -42.
-15
What is 2903 - 2834 - (2 - 48)?
115
49 - -4 - (586 - 509)
-24
What is (-44 - -2) + (-4 - (11 + -24 + 13))?
-46
What is the value of 31 + (25 + -21 + 4 + 5 - 6)?
38
What is the value of 17 - 77 - -28 - -76 - 9?
35
Evaluate 8 + (-33 - -2) + 70 + -117.
-70
(-1 - -4) + 25 + 4 + 12 + -21
23
2 + 16 - 23 - 24
-29
Calculate (4 - (54 + 2)) + (5 + -3 - (1 + 7)).
-58
Calculate (-30784 - -30808) + (14 + (3 - 2) + -2 - 0).
37
Calculate (-3 + -9 + (58 - 47) - -13 - 13) + 39.
38
What is the value of -7 + (-10 + 16 + -3 - 50) + -3?
-57
(-3 - ((-2 - 7) + 7 - (-7 - 2))) + 62
52
Calculate 23 + (-12 - (36 + -25 - (-4 - -26))) + 6.
28
71 + -99 + 34 + -2 + 82 + -2
84
What is 52 - ((-15 - -50 - 18) + -4)?
39
Evaluate (-15 - 4) + (15 - 6) + -8 - -5.
-13
What is the value of (-27 + -2 + 11 + 28 - (0 - -152)) + 9?
-133
What is 21 - (-8 - (-143 - 26)) - -38?
-102
Evaluate 24 + 12 + -16 - (70 - 5).
-45
What is 116 + -69 + 24 + -15?
56
Evaluate -14 - ((-1 - 5) + (0 - 0)) - 3.
-11
Calculate (-1 - 51) + (14 - (-11 + 21)) + 11.
-37
What is the value of 53 + 42 + -48 + 40 + -23?
64
17 + 1 - (45 + -61 + 43 + -58)
49
Evaluate (3 + -1 + -11 - (-2 - 0)) + -18844 + 18779.
-72
Evaluate (-258 - -210) + (2 + 0 - 0) - (0 - -8).
-54
Evaluate 2 + 6 + -3 + -13 + 2 - (23 - -24).
-53
(-1 + 16 - -10) + 55 + -117
-37
Evaluate 10 - (164 - (-63 + 103)).
-114
Evaluate 159 + -196 + -4 + 5 + -3.
-39
Calculate 42 + (-42 - (137 + -136)).
-1
Calculate 1 - ((94 - 46) + -52 + 0 + 10).
-5
Calculate (-25 - (-18 + (8 - -5))) + 8.
-12
What is the value of (-3 - -11) + -2 + -10 + 1 - 2 - 3?
-8
What is the value of 11 + (130 - 66 - 29)?
46
What is 18 + -21 + 51 + 11 + -1 + -19?
39
Calculate 120 - (-35 - (1 - (19 + (3 - 3)))).
137
What is (-40 - -35 - (-2 + 3 + -2 + -42)) + -4?
34
Calculate (44 - (-34 + -64)) + -79.
63
(36 + -9 - 35) + 48
40
Calculate (1 - 29) + (-260 - -169 - -253).
134
What is the value of -53 - (-93 + 90 + -41)?
-9
What is 7 + 17 + (-56 - -31)?
-1
What is -58 - (94 + -94 - (10 + 13))?
-35
What is (3 - -1 - (-6 - (15 - 10 - 10))) + 18?
23
Calculate -34 + (22 - 36) + -24.
-72
Calculate (-12 + -14 + 18 - 23) + 37.
6
(-1 + 6 + 4 - (-33 + 5)) + (31 - 25)
43
What is 41 + -29 + (144 - 145 - (3 - 5 - -8))?
5
Calculate 10 + -2 + -80 + 55.
-17
What is the value of 23 + 3 + -2 - (3 + 4 - 15)?
32
(61 - 24) + -36 + 5
6
What is -12 + 7 + (-343 - -349)?
1
What is -46 + -30 + -8 - (-7 + -15)?
-62
Calculate (4 - 3) + 15 - (29 - 23).
10
Evaluate (37 + -9 - 13) + 2 - 58.
-41
What is (41 - -3) + -23 + 5 + 10?
36
(12 + -4 + -13 - 8) + (-28 - -41)
0
What is -37 + -1 + 490 + -437?
15
What is 14 - (5 - 2) - (21 + -2 + -7 + 14)?
-15
(4 - -6 - 4) + 4 - 11 - 13
-14
Evaluate -125 - (-29 + 60) - (-7 + 10 + -9).
-150
(28 - (-15 + 133)) + -5
-95
Evaluate (-25 + 14 + 8 - -8) + -48 - (0 + 3).
-46
156 - (174 - 87 - 10)
79
0 + 0 + 150 - (1299 - 1272)
123
(-103 - -365) + -230 - (10 + 1)
21
Calculate 2 + -17 - (-30 + 46 + 4).
-35
What is (-22 - (-30 + -12)) + -21 + -1 + 29?
27
(-40 - -8) + 23 + 35 - -36
62
Calculate (-38 - (-63 - -21)) + 2 + -4.
2
What is the value of (1 - -16) + -2 - (-101 - (140 + -273))?
-17
What is the value of (16 - (-21 - (27 - 44))) + -90?
-70
Evaluate -13 - (1 + (110 - 75) + 0 + -11).
-38
(-16 - -24) + -89 - -79
-2
What is the value of -20 - ((-63 - -1) + (-333 - -347)) - 10?
18
Calculate 20 - (5 + (7 + 27 - 28)).
9
Calculate -51 + -70 + (298 - 40).
137
-9 + (6 + 77 - 5) - 10 - (13 + -23)
69
Evaluate -26 + 147 - 88 - 48.
-15
What is 36 - (81 + (-26 - -10))?
-29
What is 19 - (48 + (9 - 86))?
48
Calculate (-2 - 3) + (3 - (9 + -15)) - (-10 - 3).
17
Calculate -33 + (-21 - ((-13 - -10) + (-27 - -22))).
-46
-289 - -304 - (-8 - 0)
23
What is (18905 - 18942) + (121 - -1)?
85
Calculate 1 + -1 + (641 - 630) + 21.
32
What is the value of 217 - 196 - ((7 - -3) + 4)?
7
What is -127 + 162 - (-9 + 12)?
32
What is the value of 0 + (40 + -27 - 35)?
-22
What is the value of -6 + 4 - (22 + (-9 - 27) + (84 - 1))?
-71
What is 2 + 24 + -9 + 8 + -114 + 8?
-81
What is the value of -155 + 3 + 113 + -42?
-81
Evaluate 3726 + -3605 - (259 + -1).
-137
Calculate (8 - (11 + (-77 - -12 - 6))) + -2 + 9.
75
What is 29 - (28 - -6) - (6 + -9 + (-1 - -12))?
-13
Calculate -11 + 23 + -8 - -56.
60
Evaluate -10 + 7 + 17 + -17 + 11 + -2 + -95.
-89
Evaluate (-9 - (-40 - 5)) + -27.
9
What is -2 + 4 + 14 - (-67 + -9 - (596 + -653))?
35
(118 - 67) + -9 - -72
114
What is the value of (17 - 1) + 512 + -526 + 33?
35
What is (9 + -20 - -30) + (1 - 29)?
-9
What is 15 + 3 + (6 - 1) + (587 - 540)?
70
Calculate -64 + 92 + -72 + -3 + -21.
-68
Evaluate 67 + -149 + 148 + -51.
15
What is the value of (-23 - (18 - (57 - 13))) + (9 - 2)?
10
Evaluate (-2 - (1 + -12)) + 4 + -62 + 52.
3
What is (211 - 112) + -30 - (3 - (2 + 0))?
68
Evaluate 1 + 0 + -7 - -18 - 19.
-7
-1 + 5 - 36 - (-53 + 38 - -10)
-27
Calculate 32 + 17 + (36 - 68) + 49.
66
-13 + 37 + -23 + 13 + 17
31
What is the value of 69 - 32 - (27 - -57)?
-47
What is (-59 - -17) + 44 - -34?
36
What is the value of -7 + (13 - (14 - -4)) + 14 + -3?
-1
(96 - (-19 - -92)) + -5 + 1
19
What is the value of -2 + ((129 - -7) + -5 - (23 + -9))?
115
Evaluate 129 + -34 + -106 - 124.
-135
What is 18 - (-57 - (7 + -17 - 0))?
65
What is -31 + -18 + (-5 - (-13 + -8))?
-33
What is (9097 - 9095) + 25 + -1?
26
Calculate -21 + (-4 - -28) + (45 - 2).
46
Evaluate 11 - -1 - (1 + -58 + (-60 - (-90 + 47))).
86
Calculate 28 + -7 + 53 + -64 - ((-1 - 21) + -6).
38
What is -82 - (-83 + 76 + 1)?
-76
Evaluate 48 + -72 + -3 + 67.
40
What is -3 + 5 - -1